st common divisor of 6 and q?
6
Suppose 5*h - 14 = 316. Calculate the highest common divisor of 99 and h.
33
Let y(x) = -x**3 - 7*x**2 + 4*x + 13. Let k be y(-8). What is the greatest common factor of 9 and k?
9
Suppose 3*d - 13 - 23 = 0. Let v = -6 + 24. What is the highest common divisor of v and d?
6
Suppose 10*x - 144 = 7*x. What is the highest common divisor of 72 and x?
24
Suppose -6*h + 20 = -4*h. Suppose d + 1 = h. Calculate the greatest common divisor of 63 and d.
9
Let n(r) = -r**3 + 16*r**2 + 19*r - 7. Let u be n(16). Calculate the highest common divisor of u and 27.
27
Let k be 22/(-4)*(-7 + 5). Suppose k*g = 6*g + 15. What is the highest common factor of 1 and g?
1
Suppose -2*n - 4*n = -18. Suppose -9 - 21 = -n*d. Calculate the greatest common divisor of 2 and d.
2
Let x(y) = -88 + 4*y + 88 + 3*y**2. Let q be x(-8). Calculate the greatest common divisor of 64 and q.
32
Let u = 13 - 9. Suppose -2*q + u = -14. What is the greatest common factor of 27 and q?
9
Suppose -7*i + 12*i = -5. Let y be -2*((-26)/4 - i). What is the highest common factor of y and 22?
11
Let a = -4 + 3. Let u(i) = -1. Let o(t) = -t - 7. Let q(k) = a*o(k) - 4*u(k). Let c be q(0). What is the highest common factor of 22 and c?
11
Let v be -1*(-2 + 4 - 24). Suppose 5*u - 13 = 7. Suppose 43 = u*z - y, 4*z - 45 = -3*y + 2*y. Calculate the greatest common factor of z and v.
11
Suppose 0 = -3*l + 30 + 186. Suppose -4*d = -4*t + 96, 5*t - 2*t - l = -4*d. Calculate the highest common divisor of 48 and t.
24
Suppose -4*g = 3*g - 126. Calculate the greatest common factor of 108 and g.
18
Suppose -32 = -2*m + 2*t, -2*m + 18 = -t - 11. Suppose -4*q - 59 = -3*f, -f + 2*q - 2 = 5*q. Calculate the highest common divisor of m and f.
13
Suppose 0 = 2*q - 2 - 8. Let x be (3 - q/1)*-4. Calculate the greatest common factor of x and 88.
8
Let t = 7 + 11. Let u(c) = c**2 + 6*c + 3. Let m be u(-6). Suppose -2*i = -m*h - 21, -37 = -4*i + 3*h - 2*h. What is the highest common factor of t and i?
9
Suppose -2*d + 4 = 0, 2 = -y + 3*d - 3. Let x = 22 + -13. Calculate the greatest common factor of x and y.
1
Let y(o) = -o**3 - 5*o**2 + o - 2*o**2 - 3*o. Suppose 4*n + v = -36, 7*n - 3*n + 36 = -3*v. Let t be y(n). What is the greatest common factor of 20 and t?
20
Let l = 3 + -19. Let p = -13 - l. Suppose -4*b + 113 = 5*m, 2*b - 67 + 12 = -m. Calculate the greatest common divisor of b and p.
3
Let n(q) = 2*q + 2. Let y be n(2). Suppose 4 + y = 5*d. Suppose -d*x + 2 = 0, 5 + 0 = 2*o + x. Calculate the greatest common divisor of o and 1.
1
Let c(o) = -o**3 - 4*o**2 - 5*o - 6. Let r be c(-4). Let w(k) = 2*k**2 + 7*k - 2. Let f be w(6). What is the highest common factor of f and r?
14
Suppose 2*a + 2*a + 3*t - 192 = 0, -5*a - 3*t = -240. What is the highest common divisor of a and 6?
6
Suppose 2*w - 4*w = -220. Suppose 558 = 4*m + 518. Calculate the greatest common divisor of w and m.
10
Let x(i) = i + 8. Let a be x(-7). Let s be 105/9 + 4/(-6). What is the highest common factor of a and s?
1
Let b = -127 - -68. Let l = 105 + b. Calculate the greatest common factor of l and 115.
23
Let g = -1 - -29. What is the highest common divisor of g and 7?
7
Let r(q) = 6*q - 1. Let p be r(1). Suppose -5*o - 2*w = -46, p*o - 3*w - 45 + 14 = 0. Calculate the highest common factor of 72 and o.
8
Let r(g) = -g**2 + 9*g + 11. Let p be r(10). Let u be 10/p*(-13)/(-2). Calculate the greatest common factor of 13 and u.
13
Let z(g) = -g**3 - 4*g**2 - 5*g + 3. Let a be z(-6). Let o = a + -21. Suppose -7*l + 3*l + o = 0. Calculate the highest common factor of l and 7.
7
Let i = -4 + 4. Let s(u) = u + 63. Let y be s(i). What is the greatest common factor of y and 42?
21
Let p be ((-1)/(-1))/((-8)/(-160)). Let y = -4 + 7. Suppose -5*k = -2*i, -y*k - 2 = -i - 4. Calculate the greatest common factor of p and i.
10
Let j be (-55)/(-2)*(-2 - -4). Let h be 2 + (2 - -15) - -1. Let b = h + -9. What is the greatest common divisor of b and j?
11
Let s(h) = -4*h + 4*h**2 + 4 - 1 - h**2. Let j be s(3). Let m = 179 + -89. Calculate the greatest common factor of m and j.
18
Let z = -29 - -34. Calculate the highest common divisor of z and 2.
1
Suppose 0 = -2*y - 3*t + 225, -5*y - 3*t = -0*y - 576. Calculate the greatest common divisor of y and 13.
13
Let j be 2/(-7) + (-540)/(-28). Let k = j - 10. What is the greatest common factor of 18 and k?
9
Suppose 211 = 6*y - 239. What is the highest common divisor of y and 30?
15
Suppose -3*o = -0 - 6. Suppose -6*a + 2*a = 0. Suppose y - 8 = -a*y. What is the highest common divisor of y and o?
2
Let k be 5/(2*(-5)/(-110)). Suppose 0*o + 66 = 3*o. Calculate the greatest common divisor of k and o.
11
Let o be (2*-1)/(4 + -2). Let q be 2/o*(-5 - -3). Suppose -c - 226 = -2*t - 5*c, 500 = q*t - 4*c. What is the greatest common divisor of 11 and t?
11
Suppose 0 = 4*d - 256 - 52. Let g(i) = 22*i - 1. Let h be g(1). Let m = h - 14. What is the highest common factor of m and d?
7
Suppose -56 = -z - z + 4*i, 4*z - i - 84 = 0. What is the greatest common divisor of 30 and z?
10
Let x = 3 - -22. What is the greatest common divisor of x and 10?
5
Let a be (1/(0 + -1))/1. Let q(l) = -6*l + 1. Let j be q(a). What is the greatest common factor of 21 and j?
7
Let y(u) = 2*u + 15. Let w be y(-13). Let o = w + 12. What is the greatest common divisor of o and 2?
1
Suppose 3*d = 6*d - 6. Suppose -i = -t, -d*t = 3*i - 0*i - 20. What is the greatest common factor of 12 and i?
4
Suppose 6*m = -4*m + 120. What is the highest common divisor of m and 108?
12
Let u(b) = -b**3 + 5*b**2 + 2*b - 21. Let x be u(4). Let g be ((-18)/4)/(1/(-6)). What is the highest common divisor of g and x?
3
Let n(g) = -g**2 - 2*g - 1. Let o be n(-1). Let p = o + 6. Suppose 4*d + 258 - 58 = 4*t, t + 4*d = 40. Calculate the greatest common factor of t and p.
6
Let u = 167 - 92. What is the highest common factor of 15 and u?
15
Let q be (-13 + -2)*(-8)/6. Calculate the highest common divisor of q and 100.
20
Let z = -1 - -4. What is the greatest common divisor of 27 and z?
3
Suppose -11 = -k - 3*a + 1, 4*a + 79 = 5*k. What is the greatest common factor of 10 and k?
5
Let t be 35 - 9*5/15. What is the greatest common factor of 16 and t?
16
Let m = 11 + -8. Calculate the greatest common divisor of 1 and m.
1
Let j(a) = 7*a**2 - 5*a + 3. Let u = 1 + 3. Let d be j(u). Let f be (-19)/(1 + 0 - 2). What is the highest common divisor of d and f?
19
Suppose -44 + 0 = -2*v + 2*t, -4*t = v - 32. Calculate the highest common factor of v and 24.
24
Let b(d) be the second derivative of -d**4/12 + 4*d**3/3 + d**2 - 3*d. Let r be b(4). What is the greatest common divisor of r and 72?
18
Let j = 2 + -2. Suppose j*f = f - 14. Let r = -4 - -6. Calculate the highest common factor of r and f.
2
Let i = 2 + 0. Let q = 1 - i. Let h = 28 + q. What is the highest common divisor of h and 9?
9
Let v(b) = b**3 - b**2 - b + 44. Let x be v(0). Suppose 3*d - 7 = 5. Calculate the highest common divisor of d and x.
4
Suppose -5*j + 5*v = -396 - 714, 3*j = -2*v + 646. Let r be 4/(-6) + j/3. What is the greatest common divisor of 12 and r?
12
Suppose 4*r - 3*k = k + 16, 3*r = -3*k + 6. Suppose -2 = r*w - 4*v - 1, -v - 1 = -2*w. Suppose b - w = 4. Calculate the greatest common factor of b and 45.
5
Suppose a = t - 0*t + 45, 4*a - t = 180. Calculate the greatest common divisor of a and 18.
9
Let g = 61 - -59. What is the greatest common divisor of g and 24?
24
Let x be (-72)/(-15) - 1/(-5). Suppose m - 2*y - 1 = -0*m, 5 = x*y. Let i = -2 - -5. Calculate the greatest common factor of m and i.
3
Suppose -5*y + 118 - 8 = 0. What is the highest common factor of y and 11?
11
Suppose -9 - 5 = -2*f. Suppose -3*q + v = -0*v - 250, -v + 160 = 2*q. Let p = q - 5. Calculate the highest common divisor of p and f.
7
Suppose 0 = 3*o - 7*o - 76. Let c = 29 + o. Calculate the highest common factor of 20 and c.
10
Let r(y) = 2*y**2 + y. Suppose -6 = 2*b - 0. Let v be r(b). Calculate the greatest common divisor of 5 and v.
5
Let t = 3 + 41. What is the highest common factor of 44 and t?
44
Let m(p) be the first derivative of -p**2/2 + 12*p - 6. Let l be m(-10). What is the greatest common factor of l and 11?
11
Suppose 5*s + 0*s = o + 6, -5*o - 4*s + 28 = 0. What is the highest common divis